 = -5 + 2. Let w(t) = -3*t**3 - 3*t**2 - 4. Suppose -5*p + 4*v + 77 = 0, -25 = 3*p - 4*p + 4*v. What is the remainder when w(z) is divided by p?
11
Let c = 6 + -3. Suppose 0 = -c*g + g + 32. Suppose -9 = -i + 38. Calculate the remainder when i is divided by g.
15
Let x = -101 - -109. Suppose -g + 4*u = -13, x*u - 3*u - 90 = -5*g. Calculate the remainder when 185 is divided by g.
15
Suppose -4*v - v + 15 = 0. Calculate the remainder when 51 is divided by (v + -2)/((-1)/(-11)).
7
Suppose -3*j + 3*m - 12 = -m, 4*j = -m + 3. Suppose j = 4*n - n - 30. Suppose 3*z - n = 74. Calculate the remainder when z is divided by 5.
3
Let d be (1/1)/((-2)/10). Suppose -2*h + 6 = -0*h, -15 = -4*w - 5*h. What is the remainder when 29 is divided by -3 + (w - d) + 8?
9
Suppose -j - 4*f + 63 = 0, -4*j - f = -2*f - 167. Let a = j + -15. Let g(d) = d**3 - 4*d**2 - 11*d + 10. Calculate the remainder when a is divided by g(6).
12
Let s = -25 + 57. Let y = s - -2. Let u(v) = v**3 + 7*v**2 - 32*v - 8. Calculate the remainder when y is divided by u(-10).
10
Let k(v) = -6*v**2 + 29*v + 49. Let l = 62 + -30. What is the remainder when l is divided by k(6)?
4
Suppose 3*r + 6 - 18 = 0. Suppose -k + 8 = -r. What is the remainder when 16 is divided by k?
4
Suppose 0 = -2*y - 0*y + 10. Suppose y*p = 2*l + 165, 5*p - 219 + 54 = -4*l. What is the remainder when p is divided by 9?
6
Let a(d) = -d**3 + 63*d**2 - 64*d + 203. What is the remainder when 168 is divided by a(62)?
10
Suppose 50*s - 1095 = -95. What is the remainder when 57 is divided by s?
17
Suppose -7*c - 10 = 11. Calculate the remainder when c + 1 + (-8 - -90) is divided by 41.
39
Let o(m) = -m**2 + 11*m - 2. Suppose 4*b + b + 5*y - 25 = 0, 15 = -3*y. What is the remainder when 14 is divided by o(b)?
6
Let g = -11 + 45. Suppose 0*f + f - g = 0. What is the remainder when 65 is divided by f?
31
Suppose 3*n + 46 = -4*m, -3*m + 2*m = -2*n - 38. Suppose 3*j - 11 = 2*j. What is the remainder when -6*(-3)/(n/(-4))*8 is divided by j?
10
Let q(z) = -5*z**2 - 22*z + 18. Let p(h) = h**2 + 1. Let i(c) = 3*p(c) + q(c). Calculate the remainder when 35 is divided by i(-11).
14
Let x = 2 + 19. Suppose q - 28 = 3*w, 3*w - x = -q - w. Calculate the remainder when 378/8 + 2/(-8) is divided by q.
22
Suppose 0 = -0*i - 3*i + 12. Suppose -88 - 8 = -i*a. Suppose 0 = -3*x + 9*x - 276. Calculate the remainder when x is divided by a.
22
Let s = -23 - -25. Let o(f) = f**3 + 2*f**2 + f - 3. Let l be o(s). Let v(q) = q**3 - 16*q**2 + 17*q - 18. Calculate the remainder when 59 is divided by v(l).
11
Let u be -1 + (-2 - (-5 - -2)). Suppose 3*g - 3*v - 201 = u, 4*g + 8*v - 10*v - 272 = 0. What is the remainder when g is divided by 18?
15
Let f = -2 + -10. Let s = f + 16. Calculate the remainder when 9 is divided by s.
1
Suppose -4*w = -7*c + 12*c - 8775, 3*c = -5*w + 5252. Calculate the remainder when c is divided by 80.
79
Suppose -1182 = -5*i - 5*t - 182, 2*i = 2*t + 388. Calculate the remainder when i is divided by 56.
29
What is the remainder when (-153)/(-102)*(-3)/(18/(-676)) is divided by 17?
16
Let w(y) = 5*y - 4 - 6*y**3 + 5*y**3 + y**2 + 0*y**3. Let o be w(3). Let u(n) = -2*n - 5. What is the remainder when 26 is divided by u(o)?
8
Suppose 0 = -5*j + 103 + 52. Let w = -112 + 129. What is the remainder when j is divided by w/3*(-1)/(-2)*6?
14
Let q = 76 + -57. Calculate the remainder when 53 is divided by q.
15
Let x(t) = 27 + 4*t + 4 + 0*t - 2*t. What is the remainder when x(0) is divided by 8?
7
Suppose -26*o = -29*o + 132. Calculate the remainder when o is divided by 9.
8
Let w = 72 + -39. Let v = 94 + 66. Calculate the remainder when 322/5 - 64/v is divided by w.
31
Let p be 12/(1*-4) - 12. Let m = p + 63. Let a = -52 - -69. Calculate the remainder when m is divided by a.
14
Suppose -3*z - 2*l = -75, 0*l = -2*z + 2*l + 50. Calculate the remainder when 36 is divided by z.
11
What is the remainder when 41 is divided by 9 - (49/(-7) - -2)?
13
Let i(n) = -2*n**2 - 66*n - 54. Calculate the remainder when 49 is divided by i(-32).
9
Let a(o) = 19*o + 3. Let z be a(6). Suppose z = 5*w + 2. Let y = w + -16. Calculate the remainder when y is divided by 5.
2
Let w(v) = -v - 1. Let r(q) = q**2 - 13*q - 15. Let z(f) = -r(f) + 5*w(f). Let j = 129 + -43. What is the remainder when j is divided by z(6)?
20
Let x = 18 + -1. Suppose 4*p = -5*a + 11, -2*a - 6 = 2*p - 3*p. Suppose p*y - 16 = 20. Calculate the remainder when x is divided by y.
8
Let y = -18 + 36. Suppose 3*b - 3*m - 30 = 0, -3*m + 4*m - y = -b. Calculate the remainder when b is divided by 4.
2
Suppose 5*n - 70 - 20 = 0. Calculate the remainder when 26 is divided by n.
8
Suppose 0 = 4*t + t + 5*u - 80, -5*u - 28 = -t. Calculate the remainder when (45/12)/(2/16) is divided by t.
12
Let y(m) = m**3 + m + 1. Let f(x) = -3*x**3 + 17*x**2 + 14*x + 24. Let u(q) = -f(q) - 2*y(q). Calculate the remainder when 49 is divided by u(18).
9
Suppose -7*u + u + 234 = 0. What is the remainder when u is divided by 30?
9
What is the remainder when -2 + (-5)/((-30)/504) is divided by 12?
10
Let g = 200 - 157. Calculate the remainder when g is divided by 18.
7
Let i(l) = -l**3 + 16*l**2 + 42*l - 62. Let f(s) = -6*s + 6. What is the remainder when f(-14) is divided by i(18)?
44
Suppose 2*n - 4*f - f = 55, 2*f = 3*n - 55. What is the remainder when 207 is divided by n?
12
Let f be 3/(3 + 108/(-32)). Let s = 7 + f. Calculate the remainder when s + 4 + (22 - -4) is divided by 16.
13
Suppose 2*j - 8 - 4 = -x, 0 = -3*x - 3*j + 24. Suppose 0*h = x*h, 2*a + h - 16 = 0. Let o = 54 + -39. Calculate the remainder when o is divided by a.
7
Let v(n) = n + 17. Let c(w) = 3*w + 9. Let d(g) = -10*g - 27. Let l(x) = 14*c(x) + 4*d(x). Let t be l(-15). Calculate the remainder when v(t) is divided by 2.
1
Let h(l) = 878*l**2 - l + 2. Calculate the remainder when h(1) is divided by 63.
60
Suppose v - 6*v = -t - 1778, v - 2*t = 352. Calculate the remainder when v is divided by 60.
56
Calculate the remainder when (-164 + -1)/(-3) + -1 + 1 is divided by 13.
3
What is the remainder when 10 + 30/(-5) + 30 is divided by 12?
10
What is the remainder when ((-6)/5*-5 - 3) + 91 is divided by 16?
14
Suppose 12*u - 13*u = -41. Suppose -i - i = -5*c - 11, -c + u = 5*i. What is the remainder when 22 is divided by i?
6
Let l be -4 + 5*(5 + -4). What is the remainder when 17 is divided by (-145)/(-20) + (14/8 - l)?
1
Let t(b) = -b**2 + b + 1. Let o(y) = -11*y**2 + 3*y + 13. Let m(w) = -o(w) + 4*t(w). What is the remainder when m(-3) is divided by 13?
12
Suppose -a + 156 = a - 4*t, -4*a + 290 = 3*t. Calculate the remainder when a is divided by 25.
24
Suppose 1800 = -88*w + 133*w. What is the remainder when 2 + -2 + (1 - -156) is divided by w?
37
Suppose 3*l + 11 = -1. Let x be 6/(-2) + (-52)/l. What is the remainder when 107 is divided by (108/x)/(8/20)?
26
Let r(d) = 4*d**2 - 2*d + 3. Let w(v) = 5*v + 57. Calculate the remainder when r(5) is divided by w(-5).
29
Let r = -65 + 93. Let g = -19 + 35. Calculate the remainder when r is divided by g.
12
Suppose 9*d + 1350 = 34*d. Calculate the remainder when d is divided by 12.
6
Let c be 1*13 - (-13 + 12). Suppose -5*w + n = -42, -3*n - c = -2*w - 5. What is the remainder when 16 is divided by w?
7
Let l be (-2)/(2*2)*0. Suppose -18 = -10*s + 52. Suppose l = -s*d + 4*d + 18. What is the remainder when 23 is divided by d?
5
Suppose 0*b + 40 = 4*b. Suppose -3*o + 2*o + b = 0. Calculate the remainder when 35 is divided by o.
5
Suppose -5*y + 1580 = 5*w, -28*w + 2*y + 958 = -25*w. Calculate the remainder when w is divided by 4.
2
Let r be 5*1 - (-5 + 6). Let a = r - 10. What is the remainder when 90 is divided by ((-69)/a)/((-5)/(-10))?
21
Let x = 119 + -103. What is the remainder when 61 is divided by x?
13
Suppose -3*f - 41 = 2*h - 94, f - h - 11 = 0. Calculate the remainder when (58/3)/((-1)/(-3)) is divided by f.
13
Calculate the remainder when -4 + 1 + (-1 - (-731 - -1)) is divided by 9.
6
Suppose q + 336 = -q. Let n = q - -238. Suppose 0 = -5*l - 5*c + 110, -3*l = -2*c - 87 + 11. Calculate the remainder when n is divided by l.
22
Suppose -11*b + 444 = -95. Calculate the remainder when 190 is divided by b.
43
Suppose 0 = -4*i + 5*z - 50 + 133, -66 = -3*i + 5*z. Calculate the remainder when (-7 - 18